24 and 104788?
4556
What is the greatest common factor of 203557 and 278587?
61
What is the greatest common divisor of 26444 and 87956?
44
Calculate the greatest common factor of 10788120 and 19908.
252
What is the greatest common divisor of 4727 and 81403?
29
What is the highest common factor of 147022 and 3310009?
1007
Calculate the greatest common divisor of 549261095 and 1735.
1735
What is the highest common factor of 400 and 245090?
10
Calculate the highest common factor of 11310 and 1806990.
870
Calculate the highest common factor of 468016 and 3600.
16
What is the highest common factor of 4505 and 337331?
17
What is the greatest common divisor of 60 and 729105?
15
What is the greatest common divisor of 16907 and 2220559?
319
What is the highest common divisor of 9350464 and 64?
64
Calculate the highest common factor of 79666 and 1999486.
1306
Calculate the greatest common divisor of 44 and 725428396.
44
Calculate the greatest common factor of 1258074 and 377622.
666
What is the greatest common divisor of 25583015 and 2?
1
Calculate the greatest common divisor of 33616011 and 858.
429
What is the greatest common divisor of 30555 and 5445720?
315
What is the highest common factor of 33995328 and 60?
12
What is the highest common factor of 10750 and 305750?
250
What is the highest common divisor of 205 and 100125895?
205
What is the highest common factor of 1086544 and 1416?
472
Calculate the highest common factor of 4958153 and 214734.
2753
Calculate the greatest common factor of 96136731 and 387.
9
Calculate the greatest common divisor of 226780 and 65710.
10
What is the greatest common divisor of 3312 and 80834512?
368
What is the greatest common factor of 1551 and 170388912?
141
Calculate the greatest common factor of 1368304847 and 5551.
5551
Calculate the greatest common factor of 5849405 and 1345.
1345
Calculate the greatest common factor of 10700 and 774000.
100
Calculate the greatest common divisor of 10542 and 157290.
42
What is the highest common factor of 76726 and 41236?
338
What is the greatest common divisor of 1257465 and 16995?
165
Calculate the greatest common factor of 19625 and 55.
5
What is the greatest common factor of 53822628 and 54?
18
Calculate the greatest common divisor of 4642 and 50831.
11
Calculate the highest common divisor of 7 and 52973564.
7
What is the highest common factor of 6125259 and 88319?
217
Calculate the greatest common factor of 1052 and 1923148.
4
What is the greatest common divisor of 36362298 and 28?
14
What is the greatest common divisor of 4576 and 346032544?
4576
What is the highest common divisor of 123777 and 136?
17
What is the greatest common divisor of 4960439 and 187?
11
What is the highest common divisor of 25615574 and 1742?
134
Calculate the highest common factor of 13691671 and 1246.
623
Calculate the highest common divisor of 2538 and 19938150.
54
Calculate the greatest common divisor of 34620 and 377340.
60
Calculate the highest common divisor of 48042 and 687.
3
Calculate the highest common divisor of 73906076 and 292.
292
Calculate the greatest common factor of 16990911 and 378.
189
What is the highest common factor of 27847567 and 450901?
1969
Calculate the greatest common divisor of 378 and 743472.
54
What is the greatest common factor of 3007935 and 420?
105
Calculate the greatest common divisor of 70171055 and 31820.
7955
Calculate the greatest common factor of 13048100 and 32500.
1300
What is the highest common divisor of 25369 and 1004833?
1103
What is the highest common factor of 3848504 and 12557?
433
Calculate the highest common factor of 108 and 2640951.
27
Calculate the highest common divisor of 17651040 and 220.
220
Calculate the highest common divisor of 43975 and 20550.
25
What is the highest common divisor of 63001194 and 3614?
278
Calculate the highest common divisor of 5419196 and 1552.
388
What is the highest common divisor of 1973610 and 180?
90
Calculate the highest common divisor of 15477 and 422751441.
1407
Calculate the highest common divisor of 25792 and 252746.
26
What is the highest common divisor of 245 and 137388650?
245
What is the greatest common factor of 64177096 and 8?
8
Calculate the highest common factor of 134 and 2732729.
67
Calculate the highest common divisor of 639 and 14449707.
639
Calculate the greatest common factor of 544336005 and 510.
255
Calculate the highest common divisor of 833412 and 50944.
796
What is the greatest common divisor of 486 and 172923903?
243
What is the greatest common divisor of 2865 and 1236343?
191
What is the highest common divisor of 5206 and 346336?
274
What is the highest common divisor of 20331 and 1855141?
251
Calculate the highest common factor of 47003719 and 868.
217
What is the greatest common divisor of 114 and 6409783?
19
Calculate the greatest common divisor of 5164904 and 3182.
74
What is the highest common factor of 4118 and 1408214?
142
Calculate the highest common divisor of 3363 and 4210761.
57
Calculate the highest common factor of 195690 and 630.
30
Calculate the greatest common factor of 32731516 and 4.
4
What is the greatest common divisor of 480 and 17272440?
120
What is the highest common factor of 1442 and 552356?
14
What is the greatest common factor of 96086955 and 15?
15
What is the greatest common divisor of 1316 and 289238752?
188
What is the greatest common divisor of 6974730 and 1134?
126
Calculate the highest common divisor of 545461728 and 60.
12
Calculate the highest common divisor of 330174 and 1289654.
2822
What is the highest common divisor of 76681793 and 46?
23
What is the greatest common factor of 480 and 95199750?
30
What is the greatest common divisor of 489351307 and 3281?
3281
What is the highest common divisor of 293169 and 257296?
1237
Calculate the highest common factor of 3900 and 16158.
6
Calculate the greatest common factor of 775 and 26964451.
31
What is the greatest common factor of 2947 and 100723?
7
Calculate the greatest common factor of 38 and 17990321.
19
Calculate the greatest common divisor of 83516862 and 1650.
66
What is the highest common divisor of 9259 and 1269?
47
Calculate the greatest common factor of 13612444 and 952.
68
Calculate the greatest common divisor of 796385811 and 1607.
1607
What is the greatest common factor of 27052460 and 372?
124
Calculate the greatest common factor of 4984728 and 2688.
168
What is the greatest common divisor of 51918084 and 184?
92
What is the greatest common divisor of 12441 and 3853317?
1131
What is the greatest common factor of 3626 and 464461?
37
What is the greatest common divisor of 13754867 and 7?
7
Calculate the highest common factor of 4478256 and 117586.
454
What is the highest common divisor of 87000 and 649890?
870
Calculate the greatest common divisor of 167380721 and 319.
29
What is the greatest common divisor of 962 and 245206?
26
What is the highest common factor of 58725835 and 1407?
469
What is the greatest common factor of 473996 and 9907184?
6676
Calculate the greatest common factor of 1888 and 1439688736.
1888
What is the greatest common factor of 558834 and 6?
6
Calculate the highest common divisor of 1088 and 5392496.
16
Calculate the greatest common divisor of 4770 and 521203590.
4770
What is the highest common divisor of 5771794 and 224?
14
Calculate the highest common factor of 12584 and 15699112.
1144
What is the highest common factor of 42985 and 615?
5
What is the highest common factor of 9479862 and 3105270?
11718
Calculate the greatest common factor of 42 and 11368518.
42
Calculate the greatest common divisor of 13675 and 1641.
547
Calculate the greatest common factor of 4176128 and 902.
22
Calculate the greatest common factor of 850 and 23884150.
850
Calculate the highest common factor of 8163293 and 361.
361
What is the greatest common divisor of 282009288 and 264?
264
Calculate the greatest common factor of 39037222 and 98.
98
What is the highest common factor of 30613 and 37053?
23
Calculate the greatest common factor of 17297408 and 1236.
412
What is the greatest common factor of 1111538 and 38?
38
What is the greatest common factor of 206 and 11152840?
206
What is the highest common divisor of 494 and 6995781?
247
Calculate the highest common divisor of 38975754 and 